 1 = k + 1. Suppose 0 = 3*g - l*g - 66. What is the remainder when g is divided by d?
4
Let x = -331 + 234. Let f = x - -199. Calculate the remainder when f is divided by 26.
24
Suppose 1557 = -83*d + 3466. Let t = 49 - 26. Let i = -10 + t. Calculate the remainder when d is divided by i.
10
Let f(o) = -o**3 + 2*o**2 + 11*o. What is the remainder when 21 is divided by f(4)?
9
Suppose -28 - 44 = -3*n. Calculate the remainder when 1079 is divided by n.
23
Suppose -4*c + 5*h + 0*h = 23, 12 = 4*h. Let s(n) = -n**3 - 6*n**2 - 2*n - 2. Calculate the remainder when c/(-7) - 124/(-7) is divided by s(-6).
8
Let b(l) = 2*l**2 + 4*l - 6. Let p be b(-5). Let w = 70 + -60. What is the remainder when 4*3/(p/w) is divided by 3?
2
Suppose 3*m + m - 104 = 0. Let l be 104/20*30/4. Suppose -2*c + 33 = -5*k, -4*c + 3*k - 2*k + l = 0. Calculate the remainder when m is divided by c.
8
Let o(s) = -8*s**3 - 2*s**2 - 3*s - 2. Calculate the remainder when 6/57 + (-25335)/(-285) is divided by o(-1).
5
Suppose 0*t = w + 4*t - 48, 3*t = -2*w + 71. Suppose -m + 5*o - 317 = -4*m, 4*m + 2*o - 432 = 0. What is the remainder when m is divided by w?
25
Let v(s) = -s**2 + 17*s + 27. Let k be v(17). Suppose -31*y + 68 = -k*y. What is the remainder when 14/(2/(-24)*-2) is divided by y?
16
Let m(f) = 8*f**3 + 218*f**2 - 39*f + 35. Calculate the remainder when m(-27) is divided by 49.
47
Let v be (-63)/2*(-2 + 4). Let p = -43 - v. Let f = 94 - 37. Calculate the remainder when f is divided by p.
17
Let m(t) = -3*t**3 - 26*t**2 + 10*t + 26. What is the remainder when ((-98)/6)/(1/(-3)) is divided by m(-9)?
15
Let s = 44 + -21. Let v = -80 - -124. What is the remainder when v is divided by s?
21
Let l = -3 + 7. Suppose 2*r + 2*f + 26 = 78, 3*f = -l*r + 106. Let y = 9 + 1. What is the remainder when r is divided by y?
8
Let n be -12*(-3 - (-32)/12). Suppose v = 4*c - 275 + 55, n*v = 16. Suppose 0 = 2*a - 6*a + c. What is the remainder when a is divided by 5?
4
Let k = 405 - 253. What is the remainder when k is divided by 14?
12
Calculate the remainder when 320 is divided by ((-12)/(-15))/(-2) + (-6090)/(-350).
14
What is the remainder when (-1 - -3)/((-28)/(-4046)) is divided by 58?
57
Let o = 93 + -49. Let c(p) = -p**2 - 24*p - 77. Let w be c(-22). Let v = w + o. What is the remainder when v is divided by 4?
3
What is the remainder when 154 is divided by (-2)/(-1) - (-444)/12?
37
Let y(d) = -6*d**2 + 18*d + 7. Let p(k) = -7*k**2 + 18*k + 8. Let c(o) = -5*p(o) + 6*y(o). Calculate the remainder when 30 is divided by c(17).
11
Let n = -138 + 147. What is the remainder when 23 is divided by n?
5
Suppose 0*r = 2*r - 16. Let j(b) = -4*b**2 + 9*b - 7. Let u be j(4). Calculate the remainder when 2/(-7) + (-500)/u is divided by r.
6
Let d(o) = o**3 + 13*o**2 + 20. Let x be d(-13). What is the remainder when 2 + -1 + 2 + 1 is divided by 3/(-12) - (405/x)/(-9)?
0
Suppose 4*f - 2*y = 558, f = -2*y + 24 + 123. What is the remainder when 501 is divided by f?
78
Let g(t) = t**2 + 8*t + 14. Let n = 9 - 4. Calculate the remainder when n is divided by g(-6).
1
Suppose -3*y = -5*t + 18, 2*y + 1 = -1. Suppose c - 4*a - 42 + 4 = 0, 0 = c - t*a - 37. What is the remainder when c is divided by 12?
10
Suppose -4*l + 84 = -q, 5 + 3 = 2*q. Let j(b) = b**2 - 19*b + 5. What is the remainder when l is divided by j(0)?
2
Let m = -14 + 53. Let u(b) = -2*b**2 + 38*b - 15. Calculate the remainder when m is divided by u(18).
18
Calculate the remainder when 280 is divided by 9/12 + -1 - 534/(-24).
16
Calculate the remainder when 310 is divided by 2 - 375/(-18) - 1/(-6).
11
Let y = 293 - 282. What is the remainder when 40 is divided by y?
7
Let w = -15 - -23. Suppose 0 = -5*c + 3*k + w, -2*c - 3*c = 5*k. What is the remainder when 2 is divided by c?
0
Let l be (-4)/22 + (-8)/(-44). Suppose 2*g + 2*g - 44 = l. Let m(v) = 8*v - 1. Calculate the remainder when m(4) is divided by g.
9
Suppose 6*v = 2*v - 16. Let q = v - -24. Let u(i) = -i**3 + 17*i**2 - 16*i + 6. What is the remainder when q is divided by u(16)?
2
Let b = -36 + 47. Suppose a - b = -2*q + 8, -39 = -3*q + 2*a. Suppose -2*z - 83 = -3*j, 2*j = 3*j - z - 26. What is the remainder when j is divided by q?
9
Suppose o - 2*o - 31 = 0. Let i = 41 + o. Calculate the remainder when 18 is divided by i.
8
Let d be (-4 - 0) + -2 + 11. Suppose d*x - 17 = 3. Let b(r) = r**3 - 3*r**2 + r + 2. Calculate the remainder when 42 is divided by b(x).
20
Suppose 0 = l, -2*l + 1365 = -o + 8*o. What is the remainder when o is divided by 33?
30
Let r(p) = -18*p + 1. Let m be r(-1). Suppose 4*i - 49 = -9. Let j = m - i. What is the remainder when 25 is divided by j?
7
Suppose -2*c - 3*c = 3*u + 5, -5*c + 5*u + 35 = 0. What is the remainder when 9 - (c + (2 - -2)/(-2)) is divided by 4?
1
Let d be 238/10 - (-15)/75. Suppose -h - d = -c, h - 18 = -c - 2. What is the remainder when c is divided by 3?
2
Let g be (-5 - -2)*56/21. What is the remainder when (g - -4)*1 + 53 is divided by 17?
15
Suppose -7 = 3*p - 4*w, -4 = -4*p + 3*p - 5*w. Let k be 196/(-7)*(0 + p). Let j = k - 6. What is the remainder when j is divided by 6?
4
Let t = 124 + -107. Let b(f) = -f + 79. Calculate the remainder when b(t) is divided by 21.
20
Suppose 0 = -2*m - 0*m + 8. Calculate the remainder when (21/(-2))/((-2)/m) is divided by 2/(-9) - (-4)/36*74.
5
Let r be 0/(-2) + 1 - -1. Let j be (-10)/8 - 3/24*-2. Let u = j + r. What is the remainder when u is divided by 1?
0
Suppose -5*l + 2*l = 0. Suppose 0 = -l*v - 5*v + 85. What is the remainder when (-11)/(11/9)*-11 is divided by v?
14
Suppose -3 = -y - 5. Let j be y + -63*1*-1. Calculate the remainder when (j + 6)/((-3)/(-3)) is divided by 23.
21
Suppose -22*r + 5 = -17*r, -3*r = 5*f - 793. What is the remainder when 453 is divided by f?
137
Let p(s) = 3*s + 10. Let o be p(-5). Let x be 7/(((-15)/243)/o). What is the remainder when (x/(-84))/((-2)/24) is divided by 21?
18
Calculate the remainder when (9 + (-10384)/33)*-3 is divided by 13.
7
Suppose 8*j + 7 = 9*j. Suppose -j*u = -u - 48. Calculate the remainder when u is divided by 3.
2
Let h = -38 + 34. Let t(b) = 4*b**2 + b + 7. What is the remainder when t(h) is divided by 34?
33
Let m(h) = -h**2 + h - 1. Let b(w) = 2*w**2 - w + 14. Let o(n) = 2*b(n) + 2*m(n). What is the remainder when 75 is divided by o(0)?
23
Let m(f) = -9*f - 9. Let p be m(-3). Let d = 11 + p. Suppose 4*z - 3*z = 16. Calculate the remainder when d is divided by z.
13
Let y(a) = -a**3 - 18*a**2 + 8*a - 185. Let q(c) = 17*c - 9. What is the remainder when q(6) is divided by y(-19)?
21
Let v = -10 + 24. Suppose -3*s + 297 = 6*s. Calculate the remainder when (24/(-18) + 2)*s is divided by v.
8
Suppose 0*q = q - 3*g - 9, q - g - 1 = 0. Let f be (22/(-4))/(q/(-48)). What is the remainder when 14 is divided by (-106)/(-22) + (-16)/f?
4
Suppose -2*c - 2*a = -296, -c + 92 = -a - 54. What is the remainder when c is divided by 22?
15
Let a(n) = -3*n - 13. Let o(m) = 3*m + 12. Let y(w) = 6*a(w) + 5*o(w). Calculate the remainder when 69 is divided by y(-12).
15
Let c(f) = 6*f**3 - f - 1. What is the remainder when c(2) is divided by 3/(-6)*(12 - 4)*-2?
5
Let o(l) = -8*l - 203. Let s(x) = -x**3 + 3*x**2 + 5*x + 3. What is the remainder when o(-32) is divided by s(4)?
4
Let z = 138 + -43. Calculate the remainder when z is divided by ((-2)/1)/((-6)/72).
23
What is the remainder when (-1)/((-4)/(-50))*-12 is divided by 51?
48
Suppose 3*p = 2*f - 2*p + 4, 4*f = 4*p + 4. Calculate the remainder when 83 is divided by f.
2
Suppose -30 + 147 = 9*o. What is the remainder when o is divided by 2?
1
Let w be (-8)/(-6)*39/(-26). Let c = -1 - w. Calculate the remainder when 7 is divided by c.
0
Suppose -5*i = -4*k + 175, 0 = 4*k + k + 4*i - 229. Calculate the remainder when 117 is divided by k.
27
What is the remainder when 198 is divided by (44/(-5) - -9) + (-224)/(-5)?
18
Let l(s) = 5*s + 143. What is the remainder when l(0) is divided by 25?
18
Suppose -5*o = 5, -5*k + 0*o = -3*o - 103. Let g(j) = 3*j**2 - 3*j. Let h be g(2). Let v = 13 - h. What is the remainder when k is divided by v?
6
Suppose -72 = -79*n + 2061. What is the remainder when 3454 is divided by n?
25
Let x be -2 - (2 + -5) - -2. Let t(c) = -x*c - 5 + 0*c + 1 - 1. What is the remainder when 3 is divi